 - g) + 60)/(-9 + 10).
57
Suppose 5*b + 79 = 259. What is the remainder when 266 is divided by b?
14
Let p be (-2)/(16/116)*(-2 + 4). Let n = 40 - p. Suppose -5*r + n = -96. Calculate the remainder when r is divided by 6.
3
Let g = 1980 + -1892. What is the remainder when 432 is divided by g?
80
Let u be 1/((-9)/18*2/(-3)). Suppose -u*b = -b + 10*b. Suppose 2*v - 17 - 39 = b. Calculate the remainder when 81 is divided by v.
25
Suppose 3*d - 9 = 0, 5*n + 2*d - 3*d - 72 = 0. Suppose -23*o + 22*o + 51 = 0. Let j = 170 - o. What is the remainder when j is divided by n?
14
Let l(t) be the third derivative of t**6/20 - t**5/12 + t**4/24 + 7*t**3/6 - 6*t**2. What is the remainder when l(3) is divided by 24 + 0/(-2) - -2?
23
Let r(c) = 3*c**2 - 18*c + 18. Let k be r(5). Suppose -4*i = -k*i - 7. What is the remainder when 152 is divided by i?
5
Let y = -101 - -94. Let v = 22 + y. Calculate the remainder when 86 is divided by v.
11
Suppose -4*z + 495*m = 492*m - 554, -552 = -4*z + 2*m. Calculate the remainder when 209 is divided by z.
72
Suppose 0 = 2*u - 2 - 4. Suppose u*y - 2*y - 5*g = 32, y + 2*g + 3 = 0. What is the remainder when ((-4)/(-5))/(2 - 216/110) is divided by y?
1
Let s = -152 + 199. Suppose -101 = -2*v - s. What is the remainder when 159 is divided by v?
24
Let c(r) = -1722*r + 439. What is the remainder when c(-1) is divided by 46?
45
Suppose 46*d - 2*d - 22264 = 0. What is the remainder when d is divided by 58?
42
Let h(c) = 7*c - 1. Suppose 22 - 17 = 5*i, q - 4*i - 294 = 0. Suppose -284 = 2*k - q. What is the remainder when h(4) is divided by k?
6
Let n(h) = -8*h + 66. Suppose 0 = 3*w - w - 14. Calculate the remainder when n(w) is divided by 6 + 4 + -4 + -3.
1
Let a = 402 + -612. Calculate the remainder when 6/14 - (-110)/a*-129 is divided by 24.
20
Suppose 69316 = 39*r + 23*r. Calculate the remainder when r is divided by 128.
94
Let b(r) = -4*r**3 + 22*r**2 - 7*r + 30. Let l(c) = c**3 - c + 1. Let v(f) = -b(f) - 2*l(f). Calculate the remainder when v(11) is divided by 38.
29
Let j = -165 + 158. Let b(v) = v**2 - 8. Calculate the remainder when 202 is divided by b(j).
38
Calculate the remainder when (1336/(-12))/(1/(-2) - (-4)/12) is divided by 42.
38
Suppose 145*j - 97744 = 10136. Calculate the remainder when j is divided by 233.
45
Suppose 311 = u + 4*b, -5*b = 3*u - 710 - 258. What is the remainder when u is divided by 13?
6
Suppose 4*c + 8*l = 22016, 96*l - 16457 = -3*c + 101*l. What is the remainder when c is divided by 1829?
7
Let l = -6190 - -6623. Calculate the remainder when l is divided by 122.
67
Let a be 1/5 + 41680/100. Suppose 0 = 5*g - a + 22. Calculate the remainder when 708 is divided by g.
76
Let c(v) = 2*v**3 - 20*v**2 + 19*v - 7. Let k be c(9). Suppose 5*p - 95 = -5*s, -k*s + 104 = 4*p - 5*s. Calculate the remainder when 88 is divided by p.
19
Let c = -47 - 44. Let w = c - -105. What is the remainder when 54 is divided by w?
12
Let o(u) = -u**2 - 9*u - 2. Let f be o(-4). Let n be 32/3*27/f. Suppose n = 2*y - 134. What is the remainder when y is divided by 20?
15
Suppose k + 4342 - 1478 = -5*l, 0 = l - 2*k + 564. Let a = -355 - l. What is the remainder when a is divided by 44?
41
Suppose 0 = t + 2*h - 11, t = -4*t + 2*h + 31. Let c(b) = 66*b + 1889. Calculate the remainder when c(-26) is divided by t.
5
Let z = 16114 - 16109. What is the remainder when 444 is divided by z?
4
Let s be 2236/14 - ((-165)/(-35) - 5). Let j = s + -115. What is the remainder when 89 is divided by j?
44
Suppose -z + 4*d = -7 - 15, -2*d = 4*z - 88. Suppose -5*l + 3 + z = 3*f, -3*f + 3*l + 33 = 0. Calculate the remainder when 2/(-1) + -47*12/(-4) is divided by f.
9
What is the remainder when 105 is divided by -30*(5 + (-9)/(-1)*-1)/10?
9
Suppose -y - 60 = -67, 2*x + 4*y = 132. Calculate the remainder when 1665 is divided by x.
1
Suppose q - 61 = 4*p, 2*p + 133 = -7*q + 10*q. What is the remainder when 1308 is divided by q?
37
Suppose -6*j + 100 = -26. Suppose -9*a = j + 15. Calculate the remainder when 35 is divided by 62/14 + a + 264/21.
9
Suppose 4*a + 313 = -3*c, 4*a - c + 307 = -2*c. Let d = a - -86. Calculate the remainder when (-1026)/(-78) + 4/(-26) is divided by d.
3
Let p = 32 - 36. Suppose 217*l - 35 = 212*l. Calculate the remainder when (-707)/(-15) - 1*p/(-30) is divided by l.
5
Let z(g) = -2*g**2 - 36*g + 1659. What is the remainder when 2411 is divided by z(21)?
17
Suppose -25*f = -2*f - 368. Calculate the remainder when 74*(0 + f/4 + -3) is divided by 25.
24
Let p(l) = 5*l**2 - 131*l + 65. What is the remainder when p(36) is divided by 47?
43
What is the remainder when 819 is divided by -32*(-16)/(-32)*(-2 - 0)?
19
Suppose q - 5*m - 554 = 0, 11*q - m - 1027 = 9*q. What is the remainder when 509 is divided by q?
0
Suppose 5*c + 2*k = 127 + 199, 5*c + 3*k - 324 = 0. Calculate the remainder when 113 is divided by c.
47
Suppose -50*z = -18*z - 2400. What is the remainder when 313 is divided by z?
13
Suppose 2*o = 31 + 23. Suppose 42*x = -l + 40*x + 94, -l = -2*x - 114. What is the remainder when l is divided by o?
23
Let b be 5 + (-28)/(-14 + 7). Calculate the remainder when 202 is divided by 207/b + 3 + (-6)/2.
18
Let t(c) = 903*c + 823. What is the remainder when t(4) is divided by 885?
10
Let i be (10/12)/((-25)/30 + 1). Suppose -108 = -2*o + i*v, -3*o = 4*v - 68 - 140. What is the remainder when o + 2 + (4 - 2) is divided by 12?
8
Let d = -17466 - -17604. What is the remainder when d is divided by ((-15)/12)/((-1)/4)?
3
Let h = 657 + -624. What is the remainder when 259 is divided by h?
28
Let t = 897 - 893. Suppose -164 = -4*a + 4*c, -t*a = -6*a + 3*c + 81. What is the remainder when 167 is divided by a?
41
Suppose -2*m - 1178 = 4*f - 164, -252 = f - m. Let i = 275 + f. What is the remainder when 81 is divided by i?
15
Let a = 4947 + 522. What is the remainder when a is divided by 57?
54
Suppose 0 = -195*b + 159*b + 684. Calculate the remainder when b is divided by 5.
4
Let x be ((-8)/5)/(1/(-5)). Let o = 8 - x. Suppose 2*s = -4*j + 84, o = 2*j - s - 57 + 11. Calculate the remainder when 43 is divided by j.
21
Let z(b) = 33*b + 576*b**2 - 15*b - 575*b**2 - 114. What is the remainder when 296 is divided by z(7)?
52
What is the remainder when 25400/250 + 52/(-20) is divided by -3*((-29)/3 + 1)?
21
Suppose 68*s - 66*s + 1648 = 4*y, -5*y + 4*s = -2051. What is the remainder when y is divided by 62?
43
Let g = -7939 + 8142. Calculate the remainder when 363 is divided by g.
160
Let x(i) be the first derivative of 5*i**3/3 - 2*i**2 - 44*i - 114. What is the remainder when x(7) is divided by 22?
19
What is the remainder when 12/10 + (-28179)/(-505) is divided by 56?
1
Let l = -35 - -250. Let p = -186 + l. What is the remainder when 114 is divided by p?
27
Let v(o) = 31*o + 279. Let l be v(-9). Calculate the remainder when 8/(-44) + l + 4176/99 is divided by 32.
10
Let a = 61 - 8. Suppose 5*c = 3*v - 486, -327 = 3*v + c - 813. Suppose 179*y - 173*y = v. Calculate the remainder when a is divided by y.
26
Let j = 3489 - 3348. Calculate the remainder when j is divided by 88.
53
Let n = 8 + 3. Let w = -954 + 959. Calculate the remainder when (5*9)/(84/(-24) + w) is divided by n.
8
Let c(m) = 159*m - 41. Let u(z) = 58*z - 14. Let k(o) = 4*c(o) - 11*u(o). Let j be (1 - 0)/((-5)/35). What is the remainder when k(j) is divided by 3?
1
What is the remainder when 6125 is divided by (-10)/(-2)*(-3 - 296/(-40)) + -6?
13
Suppose 0 = -486*g - 17815 + 630175. Calculate the remainder when g is divided by 332.
264
Let g be (44 + -39)*(-5)/(25/134). Let a = 239 + g. Calculate the remainder when a is divided by 18.
15
Let o = -27342 + 27396. What is the remainder when 1376 is divided by o?
26
Let j(l) = -l**3 - 7*l**2 - 2*l - 5. Let a be j(-7). Let h(w) = -w**3 - 27*w**2 + 23*w - 135. What is the remainder when 3*(-6)/a + 15 is divided by h(-28)?
3
Let u = -14487 + 16797. What is the remainder when u is divided by 289?
287
Let p be (-870)/203 - 2/(-7). Calculate the remainder when 179 - p*6/24 is divided by 13.
11
Suppose 620 = -6*i + 8*i. Suppose -4*l = -4*w + 256, -4*w - 4*l = 86 - i. Calculate the remainder when 176 is divided by w.
56
Let k(v) = 2*v**3 + v. Let j(d) = -4*d**3 + 6*d - 3. Let p(r) = -j(r) + 2*k(r). Suppose 0 = 3*g + 3 - 6. What i